{"id":8,"date":"2021-04-09T18:24:59","date_gmt":"2021-04-09T16:24:59","guid":{"rendered":"https:\/\/www.climaprime.com\/?page_id=8"},"modified":"2025-06-02T17:24:25","modified_gmt":"2025-06-02T15:24:25","slug":"accueil","status":"publish","type":"page","link":"https:\/\/www.climaprime.com\/","title":{"rendered":""},"content":{"rendered":"\n<p class=\"has-black-color has-text-color has-medium-font-size\">Bienvenue chez <strong>Clima Prime<\/strong>, votre sp\u00e9cialiste en climatisation et chauffage bas\u00e9 au Pradet. <\/p>\n\n\n\n<div class=\"wp-block-group\"><div class=\"wp-block-group__inner-container is-layout-flow wp-block-group-is-layout-flow\">\n<p class=\"has-text-align-left\">Depuis 2007, nous accompagnons particuliers et professionnels dans l\u2019installation, l\u2019entretien et le d\u00e9pannage de leurs syst\u00e8mes de climatisation. <\/p>\n\n\n\n<p class=\"has-text-align-left\">Gr\u00e2ce \u00e0 notre expertise et notre engagement envers la qualit\u00e9, nous garantissons des solutions adapt\u00e9es \u00e0 vos besoins pour un confort optimal toute l\u2019ann\u00e9e.<\/p>\n\n\n\n<figure class=\"wp-block-gallery alignwide has-nested-images columns-default is-cropped wp-block-gallery-1 is-layout-flex wp-block-gallery-is-layout-flex\">\n<figure class=\"wp-block-image size-large\"><img fetchpriority=\"high\" decoding=\"async\" width=\"683\" height=\"1024\" data-id=\"194\" src=\"https:\/\/www.climaprime.com\/wp-content\/uploads\/2025\/03\/pexels-jonathanborba-3316924-683x1024.jpg\" alt=\"\" class=\"wp-image-194\" srcset=\"https:\/\/www.climaprime.com\/wp-content\/uploads\/2025\/03\/pexels-jonathanborba-3316924-683x1024.jpg 683w, https:\/\/www.climaprime.com\/wp-content\/uploads\/2025\/03\/pexels-jonathanborba-3316924-200x300.jpg 200w, https:\/\/www.climaprime.com\/wp-content\/uploads\/2025\/03\/pexels-jonathanborba-3316924-768x1152.jpg 768w, https:\/\/www.climaprime.com\/wp-content\/uploads\/2025\/03\/pexels-jonathanborba-3316924-1024x1536.jpg 1024w, https:\/\/www.climaprime.com\/wp-content\/uploads\/2025\/03\/pexels-jonathanborba-3316924-1365x2048.jpg 1365w, https:\/\/www.climaprime.com\/wp-content\/uploads\/2025\/03\/pexels-jonathanborba-3316924-scaled.jpg 1707w\" sizes=\"(max-width: 683px) 100vw, 683px\" \/><\/figure>\n\n\n\n<figure class=\"wp-block-image size-large\"><img decoding=\"async\" width=\"683\" height=\"1024\" data-id=\"113\" src=\"https:\/\/www.climaprime.com\/wp-content\/uploads\/2025\/03\/2a7000ae-f8d0-45b8-8712-d2e1aab4d3dc-1-683x1024.jpg\" alt=\"\" class=\"wp-image-113\" srcset=\"https:\/\/www.climaprime.com\/wp-content\/uploads\/2025\/03\/2a7000ae-f8d0-45b8-8712-d2e1aab4d3dc-1-683x1024.jpg 683w, https:\/\/www.climaprime.com\/wp-content\/uploads\/2025\/03\/2a7000ae-f8d0-45b8-8712-d2e1aab4d3dc-1-200x300.jpg 200w, https:\/\/www.climaprime.com\/wp-content\/uploads\/2025\/03\/2a7000ae-f8d0-45b8-8712-d2e1aab4d3dc-1-768x1152.jpg 768w, https:\/\/www.climaprime.com\/wp-content\/uploads\/2025\/03\/2a7000ae-f8d0-45b8-8712-d2e1aab4d3dc-1-1024x1536.jpg 1024w, https:\/\/www.climaprime.com\/wp-content\/uploads\/2025\/03\/2a7000ae-f8d0-45b8-8712-d2e1aab4d3dc-1.jpg 1365w\" sizes=\"(max-width: 683px) 100vw, 683px\" \/><\/figure>\n<\/figure>\n<\/div><\/div>\n\n\n\n<h2 class=\"wp-block-heading\"><strong>Pourquoi nous choisir ?<\/strong><\/h2>\n\n\n\n<ul class=\"wp-block-list\">\n<li>Entreprise locale &amp; r\u00e9active<\/li>\n<\/ul>\n\n\n\n<ul class=\"wp-block-list\">\n<li>\u00c9quipe certifi\u00e9e RGE<\/li>\n<\/ul>\n\n\n\n<ul class=\"wp-block-list\">\n<li>Devis clair et rapide<\/li>\n<\/ul>\n\n\n\n<ul class=\"wp-block-list\">\n<li>Clients 100 % satisfaits<\/li>\n<\/ul>\n\n\n\n<h2 class=\"wp-block-heading\"><strong>Nos r\u00e9alisations<\/strong><\/h2>\n\n\n\n<figure class=\"wp-block-gallery alignwide has-nested-images columns-default is-cropped wp-block-gallery-2 is-layout-flex wp-block-gallery-is-layout-flex\">\n<figure class=\"wp-block-image size-large\"><img decoding=\"async\" width=\"768\" height=\"1024\" data-id=\"292\" src=\"https:\/\/www.climaprime.com\/wp-content\/uploads\/2025\/03\/e5ba1bbb-d847-4a28-9550-6e4e7470993a-768x1024.jpeg\" alt=\"\" class=\"wp-image-292\" srcset=\"https:\/\/www.climaprime.com\/wp-content\/uploads\/2025\/03\/e5ba1bbb-d847-4a28-9550-6e4e7470993a-768x1024.jpeg 768w, https:\/\/www.climaprime.com\/wp-content\/uploads\/2025\/03\/e5ba1bbb-d847-4a28-9550-6e4e7470993a-225x300.jpeg 225w, https:\/\/www.climaprime.com\/wp-content\/uploads\/2025\/03\/e5ba1bbb-d847-4a28-9550-6e4e7470993a-1152x1536.jpeg 1152w, https:\/\/www.climaprime.com\/wp-content\/uploads\/2025\/03\/e5ba1bbb-d847-4a28-9550-6e4e7470993a.jpeg 1368w\" sizes=\"(max-width: 767px) 89vw, (max-width: 1000px) 54vw, (max-width: 1071px) 543px, 580px\" \/><\/figure>\n\n\n\n<figure class=\"wp-block-image size-large\"><img loading=\"lazy\" decoding=\"async\" width=\"768\" height=\"1024\" data-id=\"291\" src=\"https:\/\/www.climaprime.com\/wp-content\/uploads\/2025\/06\/27f9f4f9-45b7-49bd-8816-ac01a9ca81c0-768x1024.jpeg\" alt=\"\" class=\"wp-image-291\" srcset=\"https:\/\/www.climaprime.com\/wp-content\/uploads\/2025\/06\/27f9f4f9-45b7-49bd-8816-ac01a9ca81c0-768x1024.jpeg 768w, https:\/\/www.climaprime.com\/wp-content\/uploads\/2025\/06\/27f9f4f9-45b7-49bd-8816-ac01a9ca81c0-225x300.jpeg 225w, https:\/\/www.climaprime.com\/wp-content\/uploads\/2025\/06\/27f9f4f9-45b7-49bd-8816-ac01a9ca81c0-1152x1536.jpeg 1152w, https:\/\/www.climaprime.com\/wp-content\/uploads\/2025\/06\/27f9f4f9-45b7-49bd-8816-ac01a9ca81c0.jpeg 1368w\" sizes=\"(max-width: 767px) 89vw, (max-width: 1000px) 54vw, (max-width: 1071px) 543px, 580px\" \/><\/figure>\n<\/figure>\n\n\n\n<div class=\"wp-block-group alignfull has-text-color has-background\" style=\"color:#000000;background-color:#ffffff\"><div class=\"wp-block-group__inner-container is-layout-flow wp-block-group-is-layout-flow\">\n<p class=\"has-text-align-center has-small-font-size\" style=\"line-height:.9\"><\/p>\n\n\n\n<h2 class=\"wp-block-heading has-text-align-center\"><strong>Am\u00e9liorer mon confort d\u00e8s maintenant<\/strong>&#8230;<\/h2>\n\n\n\n<div class=\"wp-block-buttons is-horizontal is-content-justification-center is-layout-flex wp-container-core-buttons-is-layout-499968f5 wp-block-buttons-is-layout-flex\">\n<div class=\"wp-block-button has-custom-width wp-block-button__width-50\"><a class=\"wp-block-button__link has-text-color has-background wp-element-button\" href=\"https:\/\/www.climaprime.com\/index.php\/contact\/\" style=\"border-radius:50px;color:#ffffff;background-color:#000000\">Obtenir un devis gratuit<\/a><\/div>\n<\/div>\n\n\n\n<div style=\"height:64px\" aria-hidden=\"true\" class=\"wp-block-spacer\"><\/div>\n<\/div><\/div>\n\n\n\n<p><!-- CLIMA PRIME - PRESENTATION PRO --><\/p>\n\n\n\n<p><\/p>\n\n\n\n<p><\/p>\n","protected":false},"excerpt":{"rendered":"","protected":false},"author":1,"featured_media":0,"parent":0,"menu_order":0,"comment_status":"closed","ping_status":"closed","template":"","meta":{"footnotes":""},"class_list":["post-8","page","type-page","status-publish","hentry"],"_links":{"self":[{"href":"https:\/\/www.climaprime.com\/index.php\/wp-json\/wp\/v2\/pages\/8","targetHints":{"allow":["GET"]}}],"collection":[{"href":"https:\/\/www.climaprime.com\/index.php\/wp-json\/wp\/v2\/pages"}],"about":[{"href":"https:\/\/www.climaprime.com\/index.php\/wp-json\/wp\/v2\/types\/page"}],"author":[{"embeddable":true,"href":"https:\/\/www.climaprime.com\/index.php\/wp-json\/wp\/v2\/users\/1"}],"replies":[{"embeddable":true,"href":"https:\/\/www.climaprime.com\/index.php\/wp-json\/wp\/v2\/comments?post=8"}],"version-history":[{"count":40,"href":"https:\/\/www.climaprime.com\/index.php\/wp-json\/wp\/v2\/pages\/8\/revisions"}],"predecessor-version":[{"id":296,"href":"https:\/\/www.climaprime.com\/index.php\/wp-json\/wp\/v2\/pages\/8\/revisions\/296"}],"wp:attachment":[{"href":"https:\/\/www.climaprime.com\/index.php\/wp-json\/wp\/v2\/media?parent=8"}],"curies":[{"name":"wp","href":"https:\/\/api.w.org\/{rel}","templated":true}]}}